the prime factors of 68781.
3, 101, 227
What are the prime factors of 21773?
21773
What are the prime factors of 629?
17, 37
List the prime factors of 41038.
2, 17, 71
List the prime factors of 121514.
2, 60757
List the prime factors of 32688.
2, 3, 227
What are the prime factors of 546?
2, 3, 7, 13
What are the prime factors of 2538?
2, 3, 47
What are the prime factors of 134?
2, 67
List the prime factors of 64911.
3, 7, 11, 281
List the prime factors of 22515.
3, 5, 19, 79
What are the prime factors of 71699?
71699
What are the prime factors of 1355?
5, 271
What are the prime factors of 3082?
2, 23, 67
List the prime factors of 10703.
7, 11, 139
What are the prime factors of 4884?
2, 3, 11, 37
List the prime factors of 9696.
2, 3, 101
List the prime factors of 128675.
5, 5147
List the prime factors of 640.
2, 5
What are the prime factors of 469?
7, 67
List the prime factors of 37247.
7, 17, 313
What are the prime factors of 56406?
2, 3, 7, 17, 79
List the prime factors of 14275.
5, 571
What are the prime factors of 723?
3, 241
List the prime factors of 1330.
2, 5, 7, 19
List the prime factors of 11902.
2, 11, 541
What are the prime factors of 1136?
2, 71
List the prime factors of 9113.
13, 701
List the prime factors of 7765.
5, 1553
What are the prime factors of 574?
2, 7, 41
List the prime factors of 17954.
2, 47, 191
What are the prime factors of 78673?
7, 11239
What are the prime factors of 987?
3, 7, 47
List the prime factors of 6029.
6029
What are the prime factors of 2139?
3, 23, 31
What are the prime factors of 223?
223
What are the prime factors of 10121?
29, 349
List the prime factors of 796.
2, 199
What are the prime factors of 54711?
3, 6079
What are the prime factors of 1196?
2, 13, 23
What are the prime factors of 2068?
2, 11, 47
List the prime factors of 9309.
3, 29, 107
What are the prime factors of 8201?
59, 139
What are the prime factors of 26978?
2, 7, 41, 47
What are the prime factors of 17929?
17929
What are the prime factors of 122126?
2, 227, 269
List the prime factors of 4899.
3, 23, 71
List the prime factors of 782.
2, 17, 23
What are the prime factors of 22926?
2, 3, 3821
What are the prime factors of 5541?
3, 1847
What are the prime factors of 45057?
3, 23, 653
What are the prime factors of 9821?
7, 23, 61
What are the prime factors of 622?
2, 311
List the prime factors of 3551.
53, 67
List the prime factors of 878.
2, 439
What are the prime factors of 715?
5, 11, 13
What are the prime factors of 1591?
37, 43
What are the prime factors of 1640?
2, 5, 41
What are the prime factors of 1758?
2, 3, 293
List the prime factors of 8838.
2, 3, 491
List the prime factors of 566.
2, 283
List the prime factors of 72223.
72223
What are the prime factors of 42694?
2, 21347
List the prime factors of 6888.
2, 3, 7, 41
List the prime factors of 4704.
2, 3, 7
What are the prime factors of 98036?
2, 24509
What are the prime factors of 22116?
2, 3, 19, 97
List the prime factors of 1054.
2, 17, 31
What are the prime factors of 1798?
2, 29, 31
What are the prime factors of 14965?
5, 41, 73
What are the prime factors of 39104?
2, 13, 47
What are the prime factors of 7158?
2, 3, 1193
What are the prime factors of 883?
883
What are the prime factors of 513?
3, 19
List the prime factors of 4085.
5, 19, 43
List the prime factors of 829.
829
List the prime factors of 43630.
2, 5, 4363
What are the prime factors of 2551?
2551
List the prime factors of 2049.
3, 683
List the prime factors of 7331.
7331
List the prime factors of 9275.
5, 7, 53
List the prime factors of 5326.
2, 2663
What are the prime factors of 2210?
2, 5, 13, 17
What are the prime factors of 4977?
3, 7, 79
What are the prime factors of 782?
2, 17, 23
What are the prime factors of 276?
2, 3, 23
What are the prime factors of 105863?
105863
List the prime factors of 19925.
5, 797
What are the prime factors of 28081?
28081
What are the prime factors of 7307?
7307
List the prime factors of 13694.
2, 41, 167
What are the prime factors of 11276?
2, 2819
List the prime factors of 350.
2, 5, 7
What are the prime factors of 162344?
2, 7, 13, 223
List the prime factors of 158.
2, 79
List the prime factors of 23501.
71, 331
List the prime factors of 1014.
2, 3, 13
What are the prime factors of 74355?
3, 5, 4957
What are the prime factors of 1926?
2, 3, 107
What are the prime factors of 44507?
44507
List the prime factors of 43006.
2, 21503
List the prime factors of 39472.
2, 2467
What are the prime factors of 2217?
3, 739
What are the prime factors of 12516?
2, 3, 7, 149
List the prime factors of 5021.
5021
What are the prime factors of 1037?
17, 61
List the prime factors of 72380.
2, 5, 7, 11, 47
What are the prime factors of 448?
2, 7
List the prime factors of 4819.
61, 79
List the prime factors of 48576.
2, 3, 11, 23
List the prime factors of 168.
2, 3, 7
List the prime factors of 860.
2, 5, 43
List the prime factors of 77064.
2, 3, 13, 19
List the prime factors of 892.
2, 223
What are the prime factors of 1698?
2, 3, 283
What are the prime factors of 11638?
2, 11, 23
List the prime factors of 6881.
7, 983
List the prime factors of 6180.
2, 3, 5, 103
What are the prime factors of 13198?
2, 6599
What are the prime factors of 80052?
2, 3, 7, 953
What are the prime factors of 516?
2, 3, 43
What are the prime factors of 9656?
2, 17, 71
List the prime factors of 4256.
2, 7, 19
List the prime factors of 256.
2
What are the prime factors of 566?
2, 283
What are the prime factors of 138115?
5, 23, 1201
What are the prime factors of 2843?
2843
List the prime factors of 45195.
3, 5, 23, 131
List the prime factors of 25223.
11, 2293
List the prime factors of 29157.
3, 9719
What are the prime factors of 103795?
5, 20759
What are the prime factors of 9420?
2, 3, 5, 157
List the prime factors of 2863.
7, 409
List the prime factors of 716.
2, 179
What are the prime factors of 125823?
3, 41941
What are the prime factors of 6752?
2, 211
What are the prime factors of 11419?
19, 601
What are the prime factors of 1214?
2, 607
What are the prime factors of 1323?
3, 7
List the prime factors of 114286.
2, 57143
What are the prime factors of 19973?
19973
List the prime factors of 3290.
2, 5, 7, 47
What are the prime factors of 21?
3, 7
List the prime factors of 3221.
3221
List the prime factors of 4102.
2, 7, 293
List the prime factors of 63417.
3, 21139
List the prime factors of 10275.
3, 5, 137
What are the prime factors of 8618?
2, 31, 139
What are the prime factors of 14798?
2, 7, 151
List the prime factors of 2242.
2, 19, 59
List the prime factors of 326.
2, 163
What are the prime factors of 5594?
2, 2797
What are the prime factors of 805?
5, 7, 23
List the prime factors of 1893.
3, 631
List the prime factors of 942.
2, 3, 157
List the prime factors of 1727.
11, 157
List the prime factors of 101386.
2, 163, 311
List the prime factors of 1902.
2, 3, 317
What are the prime factors of 27809?
27809
What are the prime factors of 10967?
11, 997
List the prime factors of 62.
2, 31
What are the prime factors of 2651?
11, 241
What are the prime factors of 5185?
5, 17, 61
List the prime factors of 5619.
3, 1873
What are the prime factors of 3321?
3, 41
List the prime factors of 2478.
2, 3, 7, 59
What are the prime factors of 28483?
7, 13, 313
List the prime factors of 5514.
2, 3, 919
What are the prime factors of 398?
2, 199
List the prime factors of 66218.
2, 113, 293
List the prime factors of 17487.
3, 29, 67
List the prime factors of 2769.
3, 13, 71
What are the prime factors of 71336?
2, 37, 241
What are the prime factors of 2106?
2, 3, 13
What are the prime factors of 32417?
7, 11, 421
What are the prime factors of 9066?
2, 3, 1511
What are the prime factors of 3064?
2, 383
List the prime factors of 18413.
18413
What are the prime factors of 475?
5, 19
List the prime factors of 378.
2, 3, 7
List the prime factors of 15921.
3, 29, 61
What are the prime factors of 1292?
2, 17, 19
List the prime factors of 4673.
4673
What are the prime factors of 4426?
2, 2213
List the prime factors of 1011.
3, 337
List the prime factors of 27820.
2, 5, 13, 107
List the prime factors of 13.
13
What are the prime factors of 5838?
2, 3, 7, 139
What are the prime factors of 18421?
13, 109
List the prime factors of 7217.
7, 1031